 - 7 = -44*z + 47. What is the greatest common divisor of 5805 and z?
27
Let r be (-508)/8890 - 7842/(-35). Calculate the highest common factor of r and 96.
32
Suppose m + 3*a + 5 = 2*a, -5*m - 3*a = 35. Let x = 47 - m. Let r = -22 + x. Calculate the greatest common divisor of r and 7.
7
Suppose 0 = 30*d + 634 - 2854. Calculate the greatest common divisor of d and 1850.
74
Suppose -4*k = -1412 - 64. Let j = -55 - -96. Calculate the highest common factor of k and j.
41
Suppose 227*q + 231*q = 479*q - 17094. What is the greatest common factor of q and 296?
74
Suppose 26*b = 3*b. Suppose b*y = -u - y + 15, -4*u - 3*y + 60 = 0. Let c be 74 - (0 - 1 - 0). Calculate the highest common factor of u and c.
15
Let r be 3 + 65/5 + -1. Let a(l) = 3*l + 3. Let s be a(-3). Let p be 1/(5/(-25))*s/5. Calculate the highest common divisor of r and p.
3
Suppose -29*a + 629 = -18627. What is the highest common divisor of a and 8?
8
Let r(o) = 7*o + 232. Let l be r(-21). What is the highest common divisor of l and 901?
17
Let y = 36 + -31. Suppose y*g = 7*g - 110. Suppose 145 = j - g. Calculate the greatest common divisor of 25 and j.
25
Let d(o) = 4*o - 4. Let z be d(5). Let i be 80488/(-64) + 145/40 + -4. Let r be i/(-6) + 250/(-150). Calculate the highest common factor of z and r.
16
Let h(r) = 37*r**2 + 8*r + 11. Let m be h(-6). Let b be (-2590)/925*(-10)/4. What is the highest common divisor of b and m?
7
Let a = -3961 - -4185. Calculate the highest common divisor of 7 and a.
7
Let w = 1756 - 1191. Suppose q - w = 3*m, -2311 = -4*q + 3*m - 8*m. Calculate the greatest common divisor of 82 and q.
82
Let d be (20/(-8) + 1)*298/(-3). Suppose 217 = 6*i - d. Suppose -5*b + 34 = -i. What is the greatest common factor of b and 19?
19
Let d = 50 + 41. Let b(n) = -n**2 + 8*n + 3. Let o be b(8). Let s(f) = 3*f**2 - 3*f - 11. Let t be s(o). What is the greatest common factor of t and d?
7
Suppose -3*h - 379 + 1636 = 0. Let p = 445 - h. Calculate the highest common factor of 377 and p.
13
Let p(q) = q. Let n be p(4). Let l be (-60)/8*-1*n. Suppose -5*h = -8*h + 60. Calculate the greatest common divisor of l and h.
10
Suppose -4*w + 872 = -z, -27*w + z + 1091 = -22*w. Calculate the highest common factor of 5548 and w.
73
Let z(s) = -49*s - 2867. Let g be z(-63). Calculate the greatest common factor of g and 1210.
110
Let s(x) = -231*x + 383. Let z be s(-8). Calculate the greatest common divisor of 69 and z.
23
Let i be 82/(-328)*(-346 - 2). Calculate the greatest common factor of i and 58.
29
Let l = 26 + -16. Let u = 175 - l. Suppose 0 = -m + 3*q, -3*q + 10 + 20 = m. What is the greatest common divisor of m and u?
15
Suppose -3*y + 2136 = 2*u, -2*u + 122*y + 2132 = 127*y. Calculate the greatest common factor of u and 315.
63
Suppose -2*s = c - 96, -2*c = -11*s + 16*s - 238. What is the highest common divisor of s and 1403?
23
Let r = 212210 - 212140. Suppose -4*z = q + 12, -q - 4*q = 5*z + 60. Let m = q - -22. What is the greatest common divisor of r and m?
10
Suppose 4*f - 63*f = -153 - 496. Calculate the highest common factor of 671 and f.
11
Let n be (1/(7/28))/(2/(-1)). Let x be -285*n/3 - 4. Calculate the greatest common divisor of x and 124.
62
Let j(p) = -p**2 + 196*p - 990. Let g be j(10). Suppose -4*v + 3*h = 117 - 480, -4*v = h - 343. Calculate the greatest common divisor of g and v.
87
Let a(o) = -78*o**3 - o**2 + o + 1. Let r be a(-1). Suppose h = q - 90 + 65, 0 = -9*q + h + 201. Calculate the highest common factor of q and r.
11
Let f be (-7 - 0)*85/(-17) - 8. What is the highest common factor of 16227 and f?
27
Suppose 4*k = -0*k + 224. Let x = 118690 - 117290. What is the greatest common divisor of x and k?
56
Let r be 4/(((-165)/(-396))/((-15)/(-2))). Let l be (r - (7 - 5))*12/20. What is the greatest common factor of l and 714?
42
Let a = 18 - 5. Let g(b) = b**3 - 8*b**2 - 22*b + 14. Let w be g(12). Let o = w + -183. What is the highest common factor of a and o?
13
Let k = -812 - -1514. Suppose -6*u = 12*u - k. What is the greatest common factor of 117 and u?
39
Let g be ((-24)/9)/((8/180)/1). Suppose y + 3 = 11. Let u be (-36)/10*g/y. What is the greatest common factor of 189 and u?
27
Suppose -5*f - 159 = -2*n, -f + 4*f + 234 = 3*n. Suppose 0 = -5*l + y + n + 203, -y + 56 = l. Calculate the highest common divisor of l and 119.
7
Let a(k) = 32 + 12*k**2 + 18*k - 2*k**3 + 4*k - 2*k**3 + 5*k**3 - k. Let h be a(-10). What is the greatest common factor of h and 88?
22
Let v(c) be the third derivative of -3*c**4/8 - 5*c**3/6 + 2*c**2 - 11*c. Let w be v(-2). Calculate the greatest common divisor of w and 39.
13
Suppose -14*b + 110 + 5984 + 108 = 0. What is the greatest common divisor of b and 1?
1
Suppose n + 29 = 2*u, u + 5*n + 4 = 13. Calculate the greatest common factor of u and 1169.
7
Let p be -2 + 21/2 + 3/6. Suppose 0 = -p*z + z + 912. Suppose -16*j = 8*j - 912. Calculate the greatest common divisor of j and z.
38
Let i(d) = 2*d**3 - 8 - 4*d**3 + 14*d**2 - 12*d + d**3. Let f be i(13). Let s be -6*(f/(-5) - 0). What is the highest common factor of 48 and s?
6
Suppose 144 = 3*c + 528. Let a = 276 + c. What is the highest common divisor of a and 37?
37
Let n = -125 + 149. Suppose -60 = n*i - 26*i. What is the highest common divisor of i and 12?
6
Let v(u) be the third derivative of -u**5/60 + 11*u**4/12 - 19*u**3/6 - 19*u**2 - u. Let w be v(14). What is the greatest common factor of w and 31?
31
Suppose 2*z - 18 = -6*w + 2*w, 22 = w + 4*z. Let a be -5*16 - (w - 3). Let p = -52 - a. What is the greatest common divisor of 18 and p?
9
Let t be -1*((-4)/(-2))/(-2). Suppose -t - 151 = 2*q. Let i = 184 + q. What is the greatest common factor of 12 and i?
12
Let k = -24 + 41. Suppose -3*w = -4*s + 38 - k, s = 3. Let j(d) = -d**3 + d**2 - d - 1. Let q be j(w). Calculate the highest common divisor of q and 76.
38
Let l = 2 - -2. Suppose 8*s - 872 = -4*h, 5*h - 589 = 3*h + 5*s. Calculate the highest common factor of l and h.
4
Let x(w) = -41 + 8*w**2 + 51 + 5*w - w**3 - 34. Let i be x(8). Let r(p) = -31*p + 4. Let d be r(-4). What is the highest common divisor of d and i?
16
Let r = -123 - -131. Suppose 67 + 333 = r*o. Calculate the highest common divisor of o and 200.
50
Let r(i) = -18*i - 33. Let j(t) = 10*t + 17. Let s(h) = -11*j(h) - 6*r(h). Let u be s(-2). Calculate the greatest common factor of u and 165.
15
Let a be 111/(-74) + (-186)/(-4). Suppose -72 = -a*z + 39*z. Calculate the highest common divisor of 132 and z.
12
Suppose -11*m = -7*m + 3*a - 435, m + 2*a = 110. Let b(d) = d**2 + 11*d + 14. Let y be b(-10). Calculate the greatest common factor of y and m.
4
Let d(k) = -20 + 0*k**2 - 11*k**2 - 61*k + 4*k**2 + 4*k**2 + 14*k. Let r be d(-15). What is the greatest common divisor of 610 and r?
10
Let x(y) = y**3 - 31*y**2 - 316*y + 303. Let o be x(39). Suppose -3*d = -47 - 79. Calculate the greatest common factor of d and o.
21
Let u = 189 - 98. Let s(l) be the second derivative of -l**3/6 + 19*l**2 + 74*l. Let k be s(12). Calculate the greatest common factor of k and u.
13
Suppose 900 = -5*t + 2*i - 471, 4*t + 5*i = -1077. Let u = 306 + t. Let z = 22 + 0. What is the greatest common divisor of u and z?
11
Let i(p) = 3*p**2 + 54*p - 99. Let x be i(2). Calculate the highest common divisor of 3395 and x.
7
Suppose 80 = y - 9*y. Let b be y*108/(-30) - 5/1. Calculate the greatest common factor of 31 and b.
31
Let k be (-17)/(221/(-12584))*1. What is the greatest common divisor of 121 and k?
121
Let x(r) = 200*r + 3016. Let h be x(-15). What is the highest common divisor of 1112 and h?
8
Let w = 6283 - 6221. Calculate the highest common divisor of w and 6572.
62
Let l be (-7 + (-805)/(-63))/(8/36). Let n = -116 - -168. Calculate the highest common divisor of n and l.
26
Let s(o) = -o**3 - 43*o**2 + 2*o**2 + 16 + 24*o**2 - 39*o - 3*o. Let r be s(-14). Calculate the highest common divisor of 12 and r.
4
Let v(o) = 58*o**2 - 132*o + 92. Let i be v(21). Calculate the highest common factor of i and 214.
214
Let r(y) = 71 - 9*y + 2*y - 73. Let g be r(-7). Suppose g*c + 20 = 49*c. Calculate the highest common factor of c and 40.
10
Suppose -3*z + 4762 = -66*s + 71*s, -4*s = 3*z - 4760. What is the highest common factor of z and 72?
72
Let p(b) = -b**3 + 21*b**2 + 1